s digit of 224150?
4
What is the tens digit of 84179?
7
What is the hundreds digit of 105375?
3
What is the tens digit of 927996?
9
What is the ten thousands digit of 1329420?
2
What is the thousands digit of 142886?
2
What is the millions digit of 1438142?
1
What is the ten thousands digit of 7402364?
0
What is the thousands digit of 1218223?
8
What is the hundreds digit of 1788339?
3
What is the units digit of 358668?
8
What is the units digit of 760435?
5
What is the tens digit of 4977754?
5
What is the tens digit of 4382084?
8
What is the thousands digit of 97735?
7
What is the hundred thousands digit of 8558022?
5
What is the thousands digit of 2227964?
7
What is the ten thousands digit of 138329?
3
What is the ten millions digit of 10599206?
1
What is the units digit of 1988225?
5
What is the hundred thousands digit of 897468?
8
What is the tens digit of 8544473?
7
What is the tens digit of 1276297?
9
What is the tens digit of 1877582?
8
What is the hundreds digit of 6966355?
3
What is the units digit of 1570177?
7
What is the hundreds digit of 232329?
3
What is the hundreds digit of 2282606?
6
What is the thousands digit of 150874?
0
What is the tens digit of 70694?
9
What is the hundred thousands digit of 4999641?
9
What is the ten thousands digit of 9904866?
0
What is the ten thousands digit of 255260?
5
What is the ten thousands digit of 4495992?
9
What is the ten thousands digit of 2194104?
9
What is the thousands digit of 2412788?
2
What is the ten thousands digit of 4018978?
1
What is the hundreds digit of 38605?
6
What is the ten thousands digit of 8695376?
9
What is the units digit of 283094?
4
What is the thousands digit of 1886769?
6
What is the hundred thousands digit of 17960757?
9
What is the tens digit of 580126?
2
What is the hundred thousands digit of 8472744?
4
What is the millions digit of 4837550?
4
What is the hundred thousands digit of 10670591?
6
What is the units digit of 1407216?
6
What is the thousands digit of 6290932?
0
What is the thousands digit of 31572963?
2
What is the hundred thousands digit of 419391?
4
What is the tens digit of 58224?
2
What is the units digit of 605130?
0
What is the units digit of 7475202?
2
What is the units digit of 3480390?
0
What is the hundred thousands digit of 344581?
3
What is the units digit of 320889?
9
What is the tens digit of 88774?
7
What is the hundred thousands digit of 8603927?
6
What is the tens digit of 785384?
8
What is the ten thousands digit of 53041?
5
What is the ten millions digit of 15884080?
1
What is the units digit of 4530901?
1
What is the thousands digit of 1083968?
3
What is the hundreds digit of 1677712?
7
What is the units digit of 1368312?
2
What is the ten thousands digit of 3556724?
5
What is the tens digit of 15908547?
4
What is the units digit of 2785070?
0
What is the ten millions digit of 29546956?
2
What is the hundred thousands digit of 443161?
4
What is the ten millions digit of 10876131?
1
What is the hundreds digit of 179042?
0
What is the tens digit of 4624843?
4
What is the units digit of 1973675?
5
What is the hundreds digit of 521512?
5
What is the hundred thousands digit of 939118?
9
What is the thousands digit of 87395?
7
What is the units digit of 68159?
9
What is the hundreds digit of 699985?
9
What is the tens digit of 1085276?
7
What is the units digit of 1542172?
2
What is the millions digit of 1915766?
1
What is the tens digit of 263357?
5
What is the millions digit of 12194485?
2
What is the thousands digit of 479295?
9
What is the ten thousands digit of 1719830?
1
What is the ten thousands digit of 7189466?
8
What is the units digit of 5115742?
2
What is the hundred thousands digit of 481734?
4
What is the tens digit of 297795?
9
What is the units digit of 187746?
6
What is the units digit of 1839915?
5
What is the ten thousands digit of 1788315?
8
What is the thousands digit of 7874438?
4
What is the ten millions digit of 41880190?
4
What is the millions digit of 1070485?
1
What is the tens digit of 5387661?
6
What is the ten thousands digit of 211566?
1
What is the hundreds digit of 447789?
7
What is the hundred thousands digit of 427179?
4
What is the ten thousands digit of 4828314?
2
What is the hundreds digit of 586060?
0
What is the ten thousands digit of 269725?
6
What is the ten thousands digit of 12256550?
5
What is the thousands digit of 4112758?
2
What is the hundred thousands digit of 1761440?
7
What is the hundred thousands digit of 2071327?
0
What is the tens digit of 7144063?
6
What is the hundred thousands digit of 7766368?
7
What is the hundred thousands digit of 2641373?
6
What is the tens digit of 13665594?
9
What is the units digit of 3412863?
3
What is the ten thousands digit of 329826?
2
What is the tens digit of 4227675?
7
What is the units digit of 291357?
7
What is the ten thousands digit of 1016413?
1
What is the units digit of 734829?
9
What is the ten thousands digit of 67789?
6
What is the ten thousands digit of 127633?
2
What is the thousands digit of 2372969?
2
What is the ten thousands digit of 1467080?
6
What is the units digit of 5869194?
4
What is the hundred thousands digit of 812999?
8
What is the units digit of 30253?
3
What is the hundreds digit of 2607576?
5
What is the hundred thousands digit of 682711?
6
What is the hundreds digit of 2019100?
1
What is the units digit of 973201?
1
What is the ten millions digit of 28890449?
2
What is the thousands digit of 16150457?
0
What is the millions digit of 1257254?
1
What is the tens digit of 603476?
7
What is the hundreds digit of 175582?
5
What is the thousands digit of 4249485?
9
What is the units digit of 32236059?
9
What is the tens digit of 92567?
6
What is the tens digit of 4728430?
3
What is the tens digit of 1952785?
8
What is the hundreds digit of 562731?
7
What is the hundreds digit of 675180?
1
What is the hundreds digit of 3794781?
7
What is the units digit of 5742528?
8
What is the hundred thousands digit of 2139189?
1
What is the ten thousands digit of 3607102?
0
What is the hundred thousands digit of 2800356?
8
What is the hundred thousands digit of 2009959?
0
What is the ten thousands digit of 9020359?
2
What is the ten thousands digit of 12751160?
5
What is the thousands digit of 1031689?
1
What is the ten thousands digit of 1728705?
2
What is the units digit of 1708871?
1
What is the units digit of 470133?
3
What is the tens digit of 791317?
1
What is the hundred thousands digit of 680882?
6
What is the ten thousands digit of 4504277?
0
What is the units digit of 721463?
3
What is the thousands digit of 4802893?
2
What is the ten thousands digit of 31795?
3
What is the units digit of 20292889?
9
What is the tens digit of 845559?
5
What is the tens digit of 185815?
1
What is the ten thousands digit of 31240204?
4
What is the hundred thousands digit of 9359442?
3
What is the thousands digit of 479053?
9
What is the tens digit of 3175671?
7
What is the hundred thousands digit of 1031961?
0
What is the millions digit of 26004209?
6
What is the units digit of 296054?
4
What is the hundred thousands digit of 28813776?
8
What is the units digit of 1149334?
4
What is the hundred thousands digit of 176566?
1
What is the ten thousands digit of 796446?
9
What is the tens digit of 4262060?
6
What is the ten thousands digit of 10969202?
6
What is the tens digit of 32182805?
0
What is the ten thousands digit of 1715420?
1
What is the ten millions digit of 20831377?
2
What is the hundred thousands digit of 4007127?
0
What is the ten millions digit of 10876052?
1
What is the hundreds digit of 23195395?
3
What is the hundred thousands digit of 8746625?
7
What is the units digit of 9347376?
6
What is the units digit of 165314?
4
What is the hundreds digit of 639892?
8
What is the tens digit of 1664318?
1
What is the ten thousands digit of 7588632?
8
What is the hundred thousands digit of 2433675?
4
What is the tens digit of 110771?
7
What is the hundred thousands digit of 899522?
8
What is the thousands digit of 4572652?
2
What is the hundreds digit of 815937?
9
What is the ten thousands digit of 4276037?
7
What is the thousands digit of 4853365?
3
What is the units digit of 8778829?
9
What is the ten thousands digit of 238447?
3
What i